{"id":612,"date":"2015-10-06T15:17:16","date_gmt":"2015-10-06T13:17:16","guid":{"rendered":"http:\/\/www.sport.karlino.pl\/?page_id=612"},"modified":"2022-04-28T21:27:18","modified_gmt":"2022-04-28T21:27:18","slug":"salka-treningowa-fitnes","status":"publish","type":"page","link":"https:\/\/sport.karlino.pl\/index.php\/obiekty-2\/salka-treningowa-fitnes\/","title":{"rendered":"Salka treningowa &#8211; fitnes"},"content":{"rendered":"<p>Uzupe\u0142nieniem areny g\u0142\u00f3wnej jest salka fitness o wymiarach 8 x 5 m, kt\u00f3ra idealnie nadaje si\u0119 do prowadzenia zaj\u0119\u0107 fitness, jak np. zumba, aerobic, joga. Podczas zawod\u00f3w sportowych idealnie sprawdza si\u0119 jako salka treningowa i rozgrzewkowa. W razie potrzeb bez problemu mo\u017cna j\u0105 zmieni\u0107 w salk\u0119 konferencyjn\u0105.<\/p>\n","protected":false},"excerpt":{"rendered":"<p>Uzupe\u0142nieniem areny g\u0142\u00f3wnej jest salka fitness o wymiarach 8 x 5 m, kt\u00f3ra idealnie nadaje si\u0119 do prowadzenia zaj\u0119\u0107 fitness, jak np. zumba, aerobic, joga. Podczas zawod\u00f3w sportowych idealnie sprawdza [&hellip;]<\/p>\n","protected":false},"author":1,"featured_media":9833,"parent":76,"menu_order":0,"comment_status":"closed","ping_status":"closed","template":"","meta":{"footnotes":""},"class_list":["post-612","page","type-page","status-publish","has-post-thumbnail","hentry"],"blocksy_meta":{"styles_descriptor":{"styles":{"desktop":"","tablet":"","mobile":""},"google_fonts":[],"version":6}},"featured_image_urls_v2":{"full":["https:\/\/sport.karlino.pl\/wp-content\/uploads\/2021\/04\/138811860_4417958688234052_1539098423386088444_n.jpg",2048,1536,false],"thumbnail":["https:\/\/sport.karlino.pl\/wp-content\/uploads\/2021\/04\/138811860_4417958688234052_1539098423386088444_n.jpg",150,113,false],"medium":["https:\/\/sport.karlino.pl\/wp-content\/uploads\/2021\/04\/138811860_4417958688234052_1539098423386088444_n-300x225.jpg",300,225,true],"medium_large":["https:\/\/sport.karlino.pl\/wp-content\/uploads\/2021\/04\/138811860_4417958688234052_1539098423386088444_n.jpg",768,576,false],"large":["https:\/\/sport.karlino.pl\/wp-content\/uploads\/2021\/04\/138811860_4417958688234052_1539098423386088444_n-1024x768.jpg",1024,768,true],"1536x1536":["https:\/\/sport.karlino.pl\/wp-content\/uploads\/2021\/04\/138811860_4417958688234052_1539098423386088444_n.jpg",1536,1152,false],"2048x2048":["https:\/\/sport.karlino.pl\/wp-content\/uploads\/2021\/04\/138811860_4417958688234052_1539098423386088444_n.jpg",2048,1536,false]},"post_excerpt_stackable_v2":"<p>Uzupe\u0142nieniem areny g\u0142\u00f3wnej jest salka fitness o wymiarach 8 x 5 m, kt\u00f3ra idealnie nadaje si\u0119 do prowadzenia zaj\u0119\u0107 fitness, jak np. zumba, aerobic, joga. Podczas zawod\u00f3w sportowych idealnie sprawdza si\u0119 jako salka treningowa i rozgrzewkowa. W razie potrzeb bez problemu mo\u017cna j\u0105 zmieni\u0107 w salk\u0119 konferencyjn\u0105.<\/p>\n","category_list_v2":"","author_info_v2":{"name":"admin","url":"https:\/\/sport.karlino.pl\/author\/webcarr\/"},"comments_num_v2":"0 comments","_links":{"self":[{"href":"https:\/\/sport.karlino.pl\/index.php\/wp-json\/wp\/v2\/pages\/612","targetHints":{"allow":["GET"]}}],"collection":[{"href":"https:\/\/sport.karlino.pl\/index.php\/wp-json\/wp\/v2\/pages"}],"about":[{"href":"https:\/\/sport.karlino.pl\/index.php\/wp-json\/wp\/v2\/types\/page"}],"author":[{"embeddable":true,"href":"https:\/\/sport.karlino.pl\/index.php\/wp-json\/wp\/v2\/users\/1"}],"replies":[{"embeddable":true,"href":"https:\/\/sport.karlino.pl\/index.php\/wp-json\/wp\/v2\/comments?post=612"}],"version-history":[{"count":1,"href":"https:\/\/sport.karlino.pl\/index.php\/wp-json\/wp\/v2\/pages\/612\/revisions"}],"predecessor-version":[{"id":10042,"href":"https:\/\/sport.karlino.pl\/index.php\/wp-json\/wp\/v2\/pages\/612\/revisions\/10042"}],"up":[{"embeddable":true,"href":"https:\/\/sport.karlino.pl\/index.php\/wp-json\/wp\/v2\/pages\/76"}],"wp:featuredmedia":[{"embeddable":true,"href":"https:\/\/sport.karlino.pl\/index.php\/wp-json\/wp\/v2\/media\/9833"}],"wp:attachment":[{"href":"https:\/\/sport.karlino.pl\/index.php\/wp-json\/wp\/v2\/media?parent=612"}],"curies":[{"name":"wp","href":"https:\/\/api.w.org\/{rel}","templated":true}]}}

<p>Uzupełnieniem areny głównej jest salka fitness o wymiarach 8 x 5 m, która idealnie nadaje się do prowadzenia zajęć fitness, jak np. zumba, aerobic, joga. Podczas zawodów sportowych idealnie sprawdza się jako salka treningowa i rozgrzewkowa. W razie potrzeb bez problemu można ją zmienić w salkę konferencyjną.</p>

<p>Uzupełnieniem areny głównej jest salka fitness o wymiarach 8 x 5 m, która idealnie nadaje się do prowadzenia zajęć fitness, jak np. zumba, aerobic, joga. Podczas zawodów sportowych idealnie sprawdza [&hellip;]</p>
