{"id":11347,"date":"2024-06-24T12:10:01","date_gmt":"2024-06-24T10:10:01","guid":{"rendered":"https:\/\/sport.karlino.pl\/?post_type=tribe_events&#038;p=11347"},"modified":"2024-06-24T12:21:22","modified_gmt":"2024-06-24T10:21:22","slug":"xvi-europejski-tydzien-sportu-dla-wszystkich","status":"publish","type":"tribe_events","link":"https:\/\/sport.karlino.pl\/index.php\/event\/xvi-europejski-tydzien-sportu-dla-wszystkich\/","title":{"rendered":"XVI EUROPEJSKI TYDZIE\u0143 SPORTU DLA WSZYSTKICH"},"content":{"rendered":"<p style=\"font-weight: 400;\" data-removefontsize=\"true\" data-originalcomputedfontsize=\"16\">XVI EUROPEJSKI TYDZIE\u0143 SPORTU DLA WSZYSTKICH<\/p>\n<p style=\"font-weight: 400;\" data-removefontsize=\"true\" data-originalcomputedfontsize=\"16\">XXX STMiG 2024<\/p>\n<p style=\"font-weight: 400;\" data-removefontsize=\"true\" data-originalcomputedfontsize=\"16\">W dniach 21-27 wrze\u015bnia odb\u0119dzie si\u0119 Jubileuszowa XXX edycja Sportowego Turnieju Miast i Gmin \u2013 STMiG 2024.<\/p>\n<p style=\"font-weight: 400;\" data-removefontsize=\"true\" data-originalcomputedfontsize=\"16\">Najwi\u0119ksza impreza sportu masowego w Polsce rozgrywana w ramach XVI Europejskiego Tygodnia Sportu dla wszystkich.<\/p>\n<p style=\"font-weight: 400;\" data-removefontsize=\"true\" data-originalcomputedfontsize=\"16\">Miasto i gmina Karlino przy\u0142\u0105cza si\u0119 do akcji.<\/p>\n<p style=\"font-weight: 400;\" data-removefontsize=\"true\" data-originalcomputedfontsize=\"16\">Koordynatorem wydarzenia jest Regionalne Centrum Turystyki i Sportu.<\/p>\n<p style=\"font-weight: 400;\" data-removefontsize=\"true\" data-originalcomputedfontsize=\"16\">Ju\u017c wkr\u00f3tce zapraszamy do zapoznania si\u0119 z kalendarzem wydarze\u0144.<\/p>\n<p>Koordynator &#8211; Emilia Filipowicz<\/p>\n","protected":false},"excerpt":{"rendered":"<p>XVI EUROPEJSKI TYDZIE\u0143 SPORTU DLA WSZYSTKICH XXX STMiG 2024 W dniach 21-27 wrze\u015bnia odb\u0119dzie si\u0119 Jubileuszowa XXX edycja Sportowego Turnieju Miast i Gmin \u2013 STMiG 2024. Najwi\u0119ksza impreza sportu masowego [&hellip;]<\/p>\n","protected":false},"author":6,"featured_media":0,"template":"","meta":{"_tribe_events_status":"","_tribe_events_status_reason":"","footnotes":""},"tags":[],"tribe_events_cat":[16],"class_list":["post-11347","tribe_events","type-tribe_events","status-publish","hentry","tribe_events_cat-imprezy","cat_imprezy"],"blocksy_meta":[],"featured_image_urls_v2":{"full":"","thumbnail":"","medium":"","medium_large":"","large":"","1536x1536":"","2048x2048":""},"post_excerpt_stackable_v2":"<p>XVI EUROPEJSKI TYDZIE\u0143 SPORTU DLA WSZYSTKICH XXX STMiG 2024 W dniach 21-27 wrze\u015bnia odb\u0119dzie si\u0119 Jubileuszowa XXX edycja Sportowego Turnieju Miast i Gmin \u2013 STMiG 2024. Najwi\u0119ksza impreza sportu masowego w Polsce rozgrywana w ramach XVI Europejskiego Tygodnia Sportu dla wszystkich. Miasto i gmina Karlino przy\u0142\u0105cza si\u0119 do akcji. Koordynatorem wydarzenia jest Regionalne Centrum Turystyki i Sportu. Ju\u017c wkr\u00f3tce zapraszamy do zapoznania si\u0119 z kalendarzem wydarze\u0144. Koordynator &#8211; Emilia Filipowicz<\/p>\n","category_list_v2":"","author_info_v2":{"name":"Kacper","url":"https:\/\/sport.karlino.pl\/author\/kacper\/"},"comments_num_v2":"0 comments","_links":{"self":[{"href":"https:\/\/sport.karlino.pl\/index.php\/wp-json\/wp\/v2\/tribe_events\/11347","targetHints":{"allow":["GET"]}}],"collection":[{"href":"https:\/\/sport.karlino.pl\/index.php\/wp-json\/wp\/v2\/tribe_events"}],"about":[{"href":"https:\/\/sport.karlino.pl\/index.php\/wp-json\/wp\/v2\/types\/tribe_events"}],"author":[{"embeddable":true,"href":"https:\/\/sport.karlino.pl\/index.php\/wp-json\/wp\/v2\/users\/6"}],"version-history":[{"count":3,"href":"https:\/\/sport.karlino.pl\/index.php\/wp-json\/wp\/v2\/tribe_events\/11347\/revisions"}],"predecessor-version":[{"id":11351,"href":"https:\/\/sport.karlino.pl\/index.php\/wp-json\/wp\/v2\/tribe_events\/11347\/revisions\/11351"}],"wp:attachment":[{"href":"https:\/\/sport.karlino.pl\/index.php\/wp-json\/wp\/v2\/media?parent=11347"}],"wp:term":[{"taxonomy":"post_tag","embeddable":true,"href":"https:\/\/sport.karlino.pl\/index.php\/wp-json\/wp\/v2\/tags?post=11347"},{"taxonomy":"tribe_events_cat","embeddable":true,"href":"https:\/\/sport.karlino.pl\/index.php\/wp-json\/wp\/v2\/tribe_events_cat?post=11347"}],"curies":[{"name":"wp","href":"https:\/\/api.w.org\/{rel}","templated":true}]}}

XVI EUROPEJSKI TYDZIEŃ SPORTU DLA WSZYSTKICH

<p style="font-weight: 400;" data-removefontsize="true" data-originalcomputedfontsize="16">XVI EUROPEJSKI TYDZIEŃ SPORTU DLA WSZYSTKICH</p>
<p style="font-weight: 400;" data-removefontsize="true" data-originalcomputedfontsize="16">XXX STMiG 2024</p>
<p style="font-weight: 400;" data-removefontsize="true" data-originalcomputedfontsize="16">W dniach 21-27 września odbędzie się Jubileuszowa XXX edycja Sportowego Turnieju Miast i Gmin – STMiG 2024.</p>
<p style="font-weight: 400;" data-removefontsize="true" data-originalcomputedfontsize="16">Największa impreza sportu masowego w Polsce rozgrywana w ramach XVI Europejskiego Tygodnia Sportu dla wszystkich.</p>
<p style="font-weight: 400;" data-removefontsize="true" data-originalcomputedfontsize="16">Miasto i gmina Karlino przyłącza się do akcji.</p>
<p style="font-weight: 400;" data-removefontsize="true" data-originalcomputedfontsize="16">Koordynatorem wydarzenia jest Regionalne Centrum Turystyki i Sportu.</p>
<p style="font-weight: 400;" data-removefontsize="true" data-originalcomputedfontsize="16">Już wkrótce zapraszamy do zapoznania się z kalendarzem wydarzeń.</p>
<p>Koordynator &#8211; Emilia Filipowicz</p>

<p>XVI EUROPEJSKI TYDZIEŃ SPORTU DLA WSZYSTKICH XXX STMiG 2024 W dniach 21-27 września odbędzie się Jubileuszowa XXX edycja Sportowego Turnieju Miast i Gmin – STMiG 2024. Największa impreza sportu masowego [&hellip;]</p>

<p>XVI EUROPEJSKI TYDZIEŃ SPORTU DLA WSZYSTKICH XXX STMiG 2024 W dniach 21-27 września odbędzie się Jubileuszowa XXX edycja Sportowego Turnieju Miast i Gmin – STMiG 2024. Największa impreza sportu masowego w Polsce rozgrywana w ramach XVI Europejskiego Tygodnia Sportu dla wszystkich. Miasto i gmina Karlino przyłącza się do akcji. Koordynatorem wydarzenia jest Regionalne Centrum Turystyki i Sportu. Już wkrótce zapraszamy do zapoznania się z kalendarzem wydarzeń. Koordynator &#8211; Emilia Filipowicz</p>
